{"id":777,"date":"2019-11-25T18:05:56","date_gmt":"2019-11-25T17:05:56","guid":{"rendered":"http:\/\/anciensbarralcastres.fr\/?page_id=777"},"modified":"2025-01-11T08:39:57","modified_gmt":"2025-01-11T07:39:57","slug":"accueil","status":"publish","type":"page","link":"https:\/\/anciensbarralcastres.fr\/index.php\/accueil\/","title":{"rendered":"Accueil"},"content":{"rendered":"\n<p class=\"has-text-align-center has-text-color has-large-font-size\" style=\"color:#1700a3\"><strong>Bienvenue sur le site des Anciens<\/strong><\/p>\n\n\n\n<div class=\"wp-block-columns is-layout-flex wp-container-core-columns-is-layout-1 wp-block-columns-is-layout-flex\">\n<div class=\"wp-block-column is-layout-flow wp-block-column-is-layout-flow\">\n<figure class=\"wp-block-image size-large\"><a href=\"http:\/\/anciensbarralcastres.fr\/index.php\/nous-ecrire\/\"><img loading=\"lazy\" decoding=\"async\" width=\"275\" height=\"183\" src=\"http:\/\/anciensbarralcastres.fr\/wp-content\/uploads\/2020\/02\/nous-\u00e9crire.jpg\" alt=\"\" class=\"wp-image-1322\"\/><\/a><figcaption class=\"wp-element-caption\"><a href=\"http:\/\/anciensbarralcastres.fr\/index.php\/nous-ecrire\/\">Nous \u00e9crire<\/a><\/figcaption><\/figure>\n<\/div>\n\n\n\n<div class=\"wp-block-column is-layout-flow wp-block-column-is-layout-flow\"><\/div>\n\n\n\n<div class=\"wp-block-column is-layout-flow wp-block-column-is-layout-flow\"><div class=\"wp-block-image\">\n<figure class=\"aligncenter size-large is-resized\"><a href=\"http:\/\/www.barralcastres.org\/\"><img loading=\"lazy\" decoding=\"async\" width=\"1024\" height=\"496\" src=\"http:\/\/anciensbarralcastres.fr\/wp-content\/uploads\/2019\/12\/Page-Ecole-Barral-1-1024x496.png\" alt=\"\" class=\"wp-image-913\" style=\"width:381px;height:184px\" srcset=\"https:\/\/anciensbarralcastres.fr\/wp-content\/uploads\/2019\/12\/Page-Ecole-Barral-1-1024x496.png 1024w, https:\/\/anciensbarralcastres.fr\/wp-content\/uploads\/2019\/12\/Page-Ecole-Barral-1-300x145.png 300w, https:\/\/anciensbarralcastres.fr\/wp-content\/uploads\/2019\/12\/Page-Ecole-Barral-1-768x372.png 768w, https:\/\/anciensbarralcastres.fr\/wp-content\/uploads\/2019\/12\/Page-Ecole-Barral-1-1536x744.png 1536w, https:\/\/anciensbarralcastres.fr\/wp-content\/uploads\/2019\/12\/Page-Ecole-Barral-1.png 1915w\" sizes=\"(max-width: 767px) 89vw, (max-width: 1000px) 54vw, (max-width: 1071px) 543px, 580px\" \/><\/a><figcaption class=\"wp-element-caption\"> <a href=\"http:\/\/www.barralcastres.org\/\">Lien vers le site officiel, \u00c9cole, Coll\u00e8ge et Lyc\u00e9e Barral<\/a> <\/figcaption><\/figure><\/div><\/div>\n<\/div>\n\n\n<p style=\"text-align: justify;\">L\u2019<span style=\"color: #0000ff;\">Association des Anciens de Barral<\/span> est la derni\u00e8re d\u00e9nomination retenue pour qualifier l\u2019assembl\u00e9e qui r\u00e9unit, aujourd\u2019hui, les anciens \u00e9l\u00e8ves, les professeurs et les membres du personnel qui ont pris la retraite et qui restent tr\u00e8s attach\u00e9s \u00e0 la Maison. C\u2019est une d\u00e9cision r\u00e9cente (quelques ann\u00e9es) qui a permis d\u2019\u00e9largir le cercle des adh\u00e9rents, uniquement compos\u00e9, pendant plus de 100 ans, par des \u00e9l\u00e8ves ayant quitt\u00e9 l\u2019\u00e9cole, d\u2019o\u00f9 son appellation d\u2019origine :<\/p>\n<p style=\"text-align: center;\"><strong><span style=\"color: #0000ff;\">L\u2019Association Fraternelle des Anciens \u00c9l\u00e8ves du Petit S\u00e9minaire de Castres<\/span><\/strong><\/p>\n<p style=\"text-align: center;\"><strong><span style=\"color: #3366ff;\">113 rue Marcel Briguiboul &#8211; 81100 CASTRES<\/span><\/strong><\/p>\n<p style=\"text-align: center;\"><strong><span style=\"color: #3366ff;\">anciens@anciensbarralcastres.fr<\/span><\/strong><\/p>\n<p style=\"text-align: justify;\">L\u2019Association des Anciens de Barral est un pilier historique de l\u2019\u00e9cole : les fonctions de <span style=\"color: #0000ff;\">sup\u00e9rieur<\/span>, de <span style=\"color: #0000ff;\">censeur<\/span>\u00a0ont disparu mais l\u2019association reste vivante et active depuis 1890. La premi\u00e8re assembl\u00e9e g\u00e9n\u00e9rale date du <span style=\"color: #0000ff;\">25 septembre 1890<\/span> et il nous a sembl\u00e9 int\u00e9ressant de d\u00e9voiler \u00e0 certains et de rappeler \u00e0 d\u2019autres l\u2019histoire, l\u2019itin\u00e9raire de cette institution plus que centenaire.<\/p>\n\n\n<div class=\"wp-block-columns is-layout-flex wp-container-core-columns-is-layout-2 wp-block-columns-is-layout-flex\">\n<div class=\"wp-block-column is-layout-flow wp-block-column-is-layout-flow\"><\/div>\n\n\n\n<div class=\"wp-block-column is-layout-flow wp-block-column-is-layout-flow\"><\/div>\n<\/div>\n\n\n\n<p><\/p>\n","protected":false},"excerpt":{"rendered":"<p>Bienvenue sur le site des Anciens L\u2019Association des Anciens de Barral est la derni\u00e8re d\u00e9nomination retenue pour qualifier l\u2019assembl\u00e9e qui r\u00e9unit, aujourd\u2019hui, les anciens \u00e9l\u00e8ves, les professeurs et les membres du personnel qui ont pris la retraite et qui restent tr\u00e8s attach\u00e9s \u00e0 la Maison. C\u2019est une d\u00e9cision r\u00e9cente (quelques ann\u00e9es) qui a permis d\u2019\u00e9largir &hellip; <\/p>\n<p class=\"link-more\"><a href=\"https:\/\/anciensbarralcastres.fr\/index.php\/accueil\/\" class=\"more-link\">Continuer la lecture<span class=\"screen-reader-text\"> de &laquo;&nbsp;Accueil&nbsp;&raquo;<\/span><\/a><\/p>\n","protected":false},"author":1,"featured_media":472,"parent":0,"menu_order":0,"comment_status":"closed","ping_status":"closed","template":"","meta":{"footnotes":""},"_links":{"self":[{"href":"https:\/\/anciensbarralcastres.fr\/index.php\/wp-json\/wp\/v2\/pages\/777"}],"collection":[{"href":"https:\/\/anciensbarralcastres.fr\/index.php\/wp-json\/wp\/v2\/pages"}],"about":[{"href":"https:\/\/anciensbarralcastres.fr\/index.php\/wp-json\/wp\/v2\/types\/page"}],"author":[{"embeddable":true,"href":"https:\/\/anciensbarralcastres.fr\/index.php\/wp-json\/wp\/v2\/users\/1"}],"replies":[{"embeddable":true,"href":"https:\/\/anciensbarralcastres.fr\/index.php\/wp-json\/wp\/v2\/comments?post=777"}],"version-history":[{"count":39,"href":"https:\/\/anciensbarralcastres.fr\/index.php\/wp-json\/wp\/v2\/pages\/777\/revisions"}],"predecessor-version":[{"id":2373,"href":"https:\/\/anciensbarralcastres.fr\/index.php\/wp-json\/wp\/v2\/pages\/777\/revisions\/2373"}],"wp:featuredmedia":[{"embeddable":true,"href":"https:\/\/anciensbarralcastres.fr\/index.php\/wp-json\/wp\/v2\/media\/472"}],"wp:attachment":[{"href":"https:\/\/anciensbarralcastres.fr\/index.php\/wp-json\/wp\/v2\/media?parent=777"}],"curies":[{"name":"wp","href":"https:\/\/api.w.org\/{rel}","templated":true}]}}