{"id":2318,"date":"2024-11-14T18:07:54","date_gmt":"2024-11-14T17:07:54","guid":{"rendered":"https:\/\/anciensbarralcastres.fr\/?page_id=2318"},"modified":"2024-11-14T18:19:47","modified_gmt":"2024-11-14T17:19:47","slug":"historique-de-letablissement","status":"publish","type":"page","link":"https:\/\/anciensbarralcastres.fr\/index.php\/historique-de-letablissement\/","title":{"rendered":"Historique de l\u2019\u00e9tablissement"},"content":{"rendered":"\n<p><strong>1 &#8211; Chronologie simplifi\u00e9e<\/strong><\/p>\n\n\n\n<p><strong>1709\u00a0<\/strong>: Cr\u00e9ation d\u2019un petit s\u00e9minaire \u00e0 Castres\u00a0; fondateur Mgr. Quiqueran de Beaujeu<\/p>\n\n\n\n<p><strong>1719<\/strong>&nbsp;: Echec et fermeture de l\u2019\u00e9tablissement<\/p>\n\n\n\n<p><strong>1762<\/strong>\u00a0: R\u00e9ouverture du petit s\u00e9minaire\u00a0par Mgr. De Barral <\/p>\n\n\n\n<p><strong>1791<\/strong>\u00a0: Nouvelle fermeture impos\u00e9e par le gouvernement r\u00e9volutionnaire<\/p>\n\n\n\n<p><strong>1804<\/strong>&nbsp;: R\u00e9ouverture sous l\u2019impulsion de l\u2019abb\u00e9 Gabaude&nbsp;<\/p>\n\n\n\n<p><strong>1850<\/strong>&nbsp;: Un nouvel \u00e9tablissement pour le petit s\u00e9minaire fond\u00e9 par Mgr. De Gualy et l\u2019abb\u00e9 Moutou<\/p>\n\n\n\n<p><strong>1890&nbsp;: Cr\u00e9ation de l\u2019association des anciens \u00e9l\u00e8ves du petit s\u00e9minaire&nbsp;<\/strong><\/p>\n\n\n\n<p><strong>1903&nbsp;<\/strong>: Violent incendie qui ravage une grande partie de l\u2019\u00e9tablissement&nbsp;<\/p>\n\n\n\n<p><strong>1906<\/strong>&nbsp;: Expulsion des \u00e9l\u00e8ves et enseignants apr\u00e8s la loi de s\u00e9paration des Eglises et de l\u2019Etat<\/p>\n\n\n\n<p><strong>1907<\/strong>&nbsp;: cr\u00e9ation de l\u2019\u00e9cole de Barral par l\u2019abb\u00e9 Marcoul&nbsp;<\/p>\n\n\n\n<p><a href=\"http:\/\/anciensbarralcastres.fr\/?page_id=1278&amp;preview=true\"><strong>1933<\/strong>&nbsp;: Ouverture du petit s\u00e9minaire de Barral rue&nbsp;Marcel Briguiboul&nbsp;; sup\u00e9riorat de l\u2019abb\u00e9 Jarlan<\/a><\/p>\n\n\n\n<p><strong>1961<\/strong>&nbsp;: Signature du contrat d\u2019association avec l\u2019Etat (Loi Debr\u00e9)&nbsp;<\/p>\n\n\n\n<p><strong>1963<\/strong>&nbsp;: Mixit\u00e9 partielle avec l\u2019accueil de filles dans les s\u00e9ries scientifiques pr\u00e9paratoires au bac&nbsp;<\/p>\n\n\n\n<p><strong>1987<\/strong>&nbsp;: D\u00e9part du dernier sup\u00e9rieur\/directeur pr\u00eatre&nbsp;abb\u00e9 Mathieu, nomination de Daniel Estadieu&nbsp;<\/p>\n\n\n\n<p><strong>1991<\/strong>&nbsp;: G\u00e9n\u00e9ralisation de la mixit\u00e9 \u00e0 tous les niveaux, cr\u00e9ation du pensionnat de filles&nbsp;<\/p>\n\n\n\n<hr class=\"wp-block-separator has-alpha-channel-opacity\"\/>\n\n\n\n<p><strong>2 \u2013 Les Sup\u00e9rieurs\/Directeurs depuis 1804<\/strong><\/p>\n\n\n\n<p>La p\u00e9riode pr\u00e9c\u00e9dente, (1709 \u2013 1791) hach\u00e9e de coupures et de reprises n\u2019a pas permis de retenir des noms de sup\u00e9rieurs clairement identifiables.&nbsp; On se souviendra des \u00e9v\u00eaques de Castres qui cr\u00e9\u00e8rent et firent fonctionner le petit s\u00e9minaire balbutiant&nbsp;:&nbsp;Mgr. Quiqueran de Beaujeu,&nbsp;Mgr. De Barral&nbsp;et&nbsp;Mgr de Roy\u00e8re.<\/p>\n\n\n\n<p><strong>1804 \u2013 1828<\/strong>&nbsp;: Les abb\u00e9s Gabeaude et Gaurel dirigent le grand et petit s\u00e9minaire r\u00e9unis.<\/p>\n\n\n\n<p><strong>1828 \u2013 1835<\/strong>&nbsp;: Abb\u00e9 Ferroul<\/p>\n\n\n\n<p><strong>1836 &#8211; 1837<\/strong>&nbsp;: Abb\u00e9 Amalvy<\/p>\n\n\n\n<p><strong>1837 \u2013 1849&nbsp;<\/strong>: Abb\u00e9 Moutou&nbsp;; fondateur du petit s\u00e9minaire sur les rives de l\u2019Ago\u00fbt<\/p>\n\n\n\n<p><strong>1849 \u2013 1855<\/strong>&nbsp;: Abb\u00e9 Fournials<\/p>\n\n\n\n<p><strong>1855 \u2013 1868<\/strong>&nbsp;: Abb\u00e9 Boyer<\/p>\n\n\n\n<p><strong>1868 \u2013 1870<\/strong>&nbsp;: Abb\u00e9 Chamayou<\/p>\n\n\n\n<p><strong>1870 \u2013 1872<\/strong>&nbsp;: Abb\u00e9 Puel<\/p>\n\n\n\n<p><strong>1872 \u2013 1878<\/strong>&nbsp;: Abb\u00e9 Rouan<\/p>\n\n\n\n<p><strong>1878 \u2013 1885<\/strong>&nbsp;: Abb\u00e9 Desplats<\/p>\n\n\n\n<p><strong>1885 \u2013 1887<\/strong>&nbsp;: Abb\u00e9 Fabre Gentil<\/p>\n\n\n\n<p><strong>1887 \u2013 1890<\/strong>&nbsp;: Abb\u00e9 Rouffiac<\/p>\n\n\n\n<p><strong>1890 \u2013 1893<\/strong>&nbsp;: Abb\u00e9 Fabre Henri<\/p>\n\n\n\n<p><strong>1893 \u2013 1903<\/strong>&nbsp;: Abb\u00e9 Jarlan Pierre-Hyppolite<\/p>\n\n\n\n<p><strong>1903 \u2013 1906<\/strong>&nbsp;: Abb\u00e9 Roques Jean-Baptiste<\/p>\n\n\n\n<p><strong>1906 \u2013 1920<\/strong>&nbsp;: Chanoine Marcoul , fondateur de l\u2019\u00e9cole de Barral, 6 rue Frascaty<\/p>\n\n\n\n<p><strong>1920 \u2013 1929<\/strong>&nbsp;: Abb\u00e9 Roques Cl\u00e9ment&nbsp;<\/p>\n\n\n\n<p><strong>1929 \u2013 1937<\/strong>&nbsp;: Abb\u00e9 Jarlan Jules premier sup\u00e9rieur de l\u2019\u00e9tablissement rue Briguiboul<\/p>\n\n\n\n<p><strong>1937 \u2013 1947<\/strong>&nbsp;: Abb\u00e9 Pierre-Marie Puech&nbsp;; int\u00e9rim de l\u2019abb\u00e9 Pinel en 1940<\/p>\n\n\n\n<p><strong>1947 \u2013 1953<\/strong>&nbsp;: Abb\u00e9 Gayan<\/p>\n\n\n\n<p><strong>1953 \u2013 1966<\/strong>&nbsp;: Abb\u00e9 Barrau<\/p>\n\n\n\n<p><strong>1966 \u2013 1988<\/strong>&nbsp;: Abb\u00e9 Mathieu<\/p>\n\n\n\n<p><strong>1988 \u2013 2007&nbsp;<\/strong>: Daniel Estadieu, premier directeur la\u00efc&nbsp;<\/p>\n\n\n\n<p><strong>2007 &#8211; 2023<\/strong>&nbsp;: \u00c9velyne Blanc , premi\u00e8re directrice&nbsp;<\/p>\n\n\n\n<p><strong>2023&nbsp;<\/strong>&#8211;&nbsp;Christophe Gourgues<\/p>\n","protected":false},"excerpt":{"rendered":"<p>1 &#8211; Chronologie simplifi\u00e9e 1709\u00a0: Cr\u00e9ation d\u2019un petit s\u00e9minaire \u00e0 Castres\u00a0; fondateur Mgr. Quiqueran de Beaujeu 1719&nbsp;: Echec et fermeture de l\u2019\u00e9tablissement 1762\u00a0: R\u00e9ouverture du petit s\u00e9minaire\u00a0par Mgr. De Barral 1791\u00a0: Nouvelle fermeture impos\u00e9e par le gouvernement r\u00e9volutionnaire 1804&nbsp;: R\u00e9ouverture sous l\u2019impulsion de l\u2019abb\u00e9 Gabaude&nbsp; 1850&nbsp;: Un nouvel \u00e9tablissement pour le petit s\u00e9minaire fond\u00e9 par &hellip; <\/p>\n<p class=\"link-more\"><a href=\"https:\/\/anciensbarralcastres.fr\/index.php\/historique-de-letablissement\/\" class=\"more-link\">Continuer la lecture<span class=\"screen-reader-text\"> de &laquo;&nbsp;Historique de l\u2019\u00e9tablissement&nbsp;&raquo;<\/span><\/a><\/p>\n","protected":false},"author":1,"featured_media":0,"parent":0,"menu_order":0,"comment_status":"closed","ping_status":"closed","template":"","meta":{"footnotes":""},"_links":{"self":[{"href":"https:\/\/anciensbarralcastres.fr\/index.php\/wp-json\/wp\/v2\/pages\/2318"}],"collection":[{"href":"https:\/\/anciensbarralcastres.fr\/index.php\/wp-json\/wp\/v2\/pages"}],"about":[{"href":"https:\/\/anciensbarralcastres.fr\/index.php\/wp-json\/wp\/v2\/types\/page"}],"author":[{"embeddable":true,"href":"https:\/\/anciensbarralcastres.fr\/index.php\/wp-json\/wp\/v2\/users\/1"}],"replies":[{"embeddable":true,"href":"https:\/\/anciensbarralcastres.fr\/index.php\/wp-json\/wp\/v2\/comments?post=2318"}],"version-history":[{"count":1,"href":"https:\/\/anciensbarralcastres.fr\/index.php\/wp-json\/wp\/v2\/pages\/2318\/revisions"}],"predecessor-version":[{"id":2319,"href":"https:\/\/anciensbarralcastres.fr\/index.php\/wp-json\/wp\/v2\/pages\/2318\/revisions\/2319"}],"wp:attachment":[{"href":"https:\/\/anciensbarralcastres.fr\/index.php\/wp-json\/wp\/v2\/media?parent=2318"}],"curies":[{"name":"wp","href":"https:\/\/api.w.org\/{rel}","templated":true}]}}