{"id":2066,"date":"2020-05-12T17:02:07","date_gmt":"2020-05-12T15:02:07","guid":{"rendered":"http:\/\/anciensbarralcastres.fr\/?page_id=2066"},"modified":"2024-12-30T08:18:55","modified_gmt":"2024-12-30T07:18:55","slug":"adhesion","status":"publish","type":"page","link":"https:\/\/anciensbarralcastres.fr\/index.php\/adhesion\/","title":{"rendered":"Adh\u00e9sion"},"content":{"rendered":"\n<div class=\"wp-block-columns is-layout-flex wp-container-core-columns-is-layout-1 wp-block-columns-is-layout-flex\">\n<div class=\"wp-block-column is-layout-flow wp-block-column-is-layout-flow\">\n<p><\/p>\n<\/div>\n<\/div>\n\n\n\n<hr class=\"wp-block-separator has-css-opacity\"\/>\n\n\n<p style=\"text-align: center;\"><span style=\"color: #0000ff;\"><strong>L\u2019adh\u00e9sion \u00e0 l\u2019association est fix\u00e9e comme suit <\/strong>\u00a0:<\/span><\/p>\n<p style=\"text-align: center;\"><strong>Cotisation de base<\/strong>\u00a0:\u00a0 <strong><span style=\"color: #0000ff;\">15 \u20ac<\/span><\/strong><\/p>\n<p style=\"text-align: center;\"><strong>Cotisation Promotions de 2019 \u00e0 2024 <\/strong>:\u00a0 <strong><span style=\"color: #0000ff;\">8 \u20ac<\/span><\/strong><\/p>\n<p style=\"text-align: center;\"><strong>Cotisation famille\u00a0: <span style=\"color: #0000ff;\">22 \u20ac<\/span><\/strong><\/p>\n<p>Pour adh\u00e9rer, vous pouvez imprimer le bulletin ci- joint, l&rsquo;accompagner de votre r\u00e8glement (ch\u00e8que bancaire ou postal, \u00e0 l&rsquo;ordre de l&rsquo;A.A.Barral) et l&rsquo;adresser au si\u00e8ge de l&rsquo;association<\/p>\n<p style=\"text-align: center;\">113 rue Briguiboul 81100 CASTRES.<\/p>\n<p style=\"text-align: center;\">Si vous le souhaitez, vous pouvez, via la page <a href=\"http:\/\/anciensbarralcastres.fr\/?page_id=1805&amp;preview=true\"><strong>INSCRIPTION, <\/strong><\/a>nous communiquer vos coordonn\u00e9es afin d&rsquo;\u00eatre inform\u00e9s de nos activit\u00e9s.<\/p>\n<p style=\"text-align: left;\">Afin de vous permettre de nous faire parvenir vos cotisations, nous conservons l&rsquo;ancien syst\u00e8me (bulletin d&rsquo;adh\u00e9sion + ch\u00e8que) mais pour r\u00e9pondre \u00e0 ceux qui souhaiteraient pouvoir cotiser en ligne, nous vous invitons \u00e0 d\u00e9couvrir le nouveau syst\u00e8me mis en place par VINCENT REMIRENZI,\u00a0 notre tr\u00e9sorier :<\/p>\n<p style=\"text-align: center;\"><img loading=\"lazy\" decoding=\"async\" class=\"alignnone size-full wp-image-910\" src=\"http:\/\/anciensbarralcastres.fr\/wp-content\/uploads\/2019\/12\/helloasso-logo.png\" alt=\"\" width=\"220\" height=\"48\" \/><\/p>\n<p style=\"text-align: center;\"><a href=\"https:\/\/www.helloasso.com\/associations\/association-des-anciens-de-barral\">adh\u00e9sion par internet<\/a><\/p>","protected":false},"excerpt":{"rendered":"<p>L\u2019adh\u00e9sion \u00e0 l\u2019association est fix\u00e9e comme suit \u00a0: Cotisation de base\u00a0:\u00a0 15 \u20ac Cotisation Promotions de 2019 \u00e0 2024 :\u00a0 8 \u20ac Cotisation famille\u00a0: 22 \u20ac Pour adh\u00e9rer, vous pouvez imprimer le bulletin ci- joint, l&rsquo;accompagner de votre r\u00e8glement (ch\u00e8que bancaire ou postal, \u00e0 l&rsquo;ordre de l&rsquo;A.A.Barral) et l&rsquo;adresser au si\u00e8ge de l&rsquo;association 113 rue &hellip; <\/p>\n<p class=\"link-more\"><a href=\"https:\/\/anciensbarralcastres.fr\/index.php\/adhesion\/\" class=\"more-link\">Continuer la lecture<span class=\"screen-reader-text\"> de &laquo;&nbsp;Adh\u00e9sion&nbsp;&raquo;<\/span><\/a><\/p>\n","protected":false},"author":1,"featured_media":0,"parent":0,"menu_order":0,"comment_status":"closed","ping_status":"closed","template":"","meta":{"footnotes":""},"_links":{"self":[{"href":"https:\/\/anciensbarralcastres.fr\/index.php\/wp-json\/wp\/v2\/pages\/2066"}],"collection":[{"href":"https:\/\/anciensbarralcastres.fr\/index.php\/wp-json\/wp\/v2\/pages"}],"about":[{"href":"https:\/\/anciensbarralcastres.fr\/index.php\/wp-json\/wp\/v2\/types\/page"}],"author":[{"embeddable":true,"href":"https:\/\/anciensbarralcastres.fr\/index.php\/wp-json\/wp\/v2\/users\/1"}],"replies":[{"embeddable":true,"href":"https:\/\/anciensbarralcastres.fr\/index.php\/wp-json\/wp\/v2\/comments?post=2066"}],"version-history":[{"count":32,"href":"https:\/\/anciensbarralcastres.fr\/index.php\/wp-json\/wp\/v2\/pages\/2066\/revisions"}],"predecessor-version":[{"id":2415,"href":"https:\/\/anciensbarralcastres.fr\/index.php\/wp-json\/wp\/v2\/pages\/2066\/revisions\/2415"}],"wp:attachment":[{"href":"https:\/\/anciensbarralcastres.fr\/index.php\/wp-json\/wp\/v2\/media?parent=2066"}],"curies":[{"name":"wp","href":"https:\/\/api.w.org\/{rel}","templated":true}]}}