{"id":1254,"date":"2019-12-21T18:00:00","date_gmt":"2019-12-21T17:00:00","guid":{"rendered":"http:\/\/anciensbarralcastres.fr\/?page_id=1254"},"modified":"2025-05-12T14:10:22","modified_gmt":"2025-05-12T12:10:22","slug":"dernieres-actualites","status":"publish","type":"page","link":"https:\/\/anciensbarralcastres.fr\/index.php\/dernieres-actualites\/","title":{"rendered":"Derni\u00e8res Actualit\u00e9s"},"content":{"rendered":"\n<figure class=\"wp-block-image size-large\"><img loading=\"lazy\" decoding=\"async\" width=\"646\" height=\"134\" src=\"http:\/\/anciensbarralcastres.fr\/wp-content\/uploads\/2020\/12\/Logo-Barral-toujours.jpg\" alt=\"\" class=\"wp-image-2224\" srcset=\"https:\/\/anciensbarralcastres.fr\/wp-content\/uploads\/2020\/12\/Logo-Barral-toujours.jpg 646w, https:\/\/anciensbarralcastres.fr\/wp-content\/uploads\/2020\/12\/Logo-Barral-toujours-300x62.jpg 300w\" sizes=\"(max-width: 646px) 100vw, 646px\" \/><\/figure>\n\n\n\n<p><\/p>\n\n\n\n<h1 class=\"wp-block-heading\"><strong><em>\u00c9ditorial<\/em><\/strong><\/h1>\n\n\n\n<h1 class=\"wp-block-heading\"><span style=\"font-family: arial, helvetica, sans-serif;\"><strong><span style=\"color: #0000ff;\">Deux bonnes options\u2026<\/span><\/strong><\/span><\/h1>\n\n\n\n<p>La fin de l\u2019ann\u00e9e 2024 a \u00e9t\u00e9 marqu\u00e9e par deux nouvelles qui ont ravi l\u2019ensemble des membres du bureau et que nous tenions \u00e0 vous faire partager. Elles concernent le niveau des terminales et n\u2019ont pas de rapport, malgr\u00e9 le titre, avec les \u00e9preuves du baccalaur\u00e9at au mois de juin.<\/p>\n\n\n\n<p>&nbsp;&nbsp;&nbsp;&nbsp;&nbsp;&nbsp;&nbsp;&nbsp;&nbsp; La premi\u00e8re information qui nous est parvenue concerne la d\u00e9cision prise, fin octobre. \u00c0 la quasi-unanimit\u00e9, les futurs bacheliers ont choisi de maintenir une tradition mise en place en juin 1940 par le chanoine Pinel, Sup\u00e9rieur de Barral :<\/p>\n\n\n\n<p>Le d\u00e9part de promotion.<\/p>\n\n\n\n<p>&nbsp;&nbsp;&nbsp;&nbsp;&nbsp;&nbsp;&nbsp;&nbsp;&nbsp; J\u2019ai plusieurs fois \u00e9crit dans ces pages que l\u2019on peut s\u2019\u00e9tonner de t\u00e9moigner ainsi, en 2025, un attachement particulier \u00e0 l\u2019\u00e9tablissement et \u00e0 ses traditions mais voil\u00e0 85 ans que perdure cette c\u00e9r\u00e9monie qui a, bien s\u00fbr, \u00e9volu\u00e9 avec les ann\u00e9es mais reste empreinte d\u2019une solennit\u00e9 que toutes les personnes pr\u00e9sentes ressentent.<\/p>\n\n\n\n<p>&nbsp;&nbsp;&nbsp;&nbsp;&nbsp;&nbsp;&nbsp;&nbsp;&nbsp; Quelques semaines plus tard, il fallut choisir un patron de promotion qui puisse r\u00e9unir le plus grand nombre d\u2019\u00e9l\u00e8ves autour de son nom.<\/p>\n\n\n\n<figure class=\"wp-block-image size-full is-resized\"><img loading=\"lazy\" decoding=\"async\" width=\"433\" height=\"655\" src=\"http:\/\/anciensbarralcastres.fr\/wp-content\/uploads\/2025\/04\/Lieutenant-Jacques-Desplats.jpg\" alt=\"\" class=\"wp-image-2435\" style=\"width:111px;height:auto\" srcset=\"https:\/\/anciensbarralcastres.fr\/wp-content\/uploads\/2025\/04\/Lieutenant-Jacques-Desplats.jpg 433w, https:\/\/anciensbarralcastres.fr\/wp-content\/uploads\/2025\/04\/Lieutenant-Jacques-Desplats-198x300.jpg 198w\" sizes=\"(max-width: 433px) 100vw, 433px\" \/><\/figure>\n\n\n\n<p>&nbsp;&nbsp;&nbsp;&nbsp;&nbsp;&nbsp;&nbsp;&nbsp;&nbsp; Plusieurs personnages furent pr\u00e9sent\u00e9s aux terminales par quelques-uns de leurs camarades, et ce fut le Lieutenant <em><mark><strong>Jacques Desplats<\/strong><\/mark><\/em> qui a \u00e9t\u00e9 retenu.<\/p>\n\n\n\n<p>&nbsp;&nbsp;&nbsp;&nbsp;&nbsp;&nbsp;&nbsp;&nbsp;&nbsp; Pourquoi ai-je \u00e9crit en titre que c\u2019\u00e9tait, selon beaucoup d\u2019anciens, une bonne option, un bon choix&nbsp;?<\/p>\n\n\n\n<p>&nbsp;&nbsp;&nbsp;&nbsp;&nbsp;&nbsp;&nbsp;&nbsp;&nbsp; En premier lieu, vous le d\u00e9couvrirez peut-\u00eatre, c\u2019est un Barralien qui fit ses \u00e9tudes secondaires \u00e0 l\u2019\u00c9cole Barral, quand elle occupait les locaux pr\u00eat\u00e9s par les J\u00e9suites, pr\u00e8s du jardin Frascaty.<\/p>\n\n\n\n<p>&nbsp;&nbsp;&nbsp;&nbsp;&nbsp;&nbsp;&nbsp;&nbsp;&nbsp; Ensuite, parce que cette information ne suffirait pas, en elle-m\u00eame, \u00e0 justifier le choix de nos terminales. Mais, comme la plupart des Castrais le savent, si la ville a d\u00e9cid\u00e9 de l\u2019honorer en baptisant de son nom l\u2019avenue qui m\u00e8ne \u00e0 la caserne du 8\u00b0 RPIMa, c\u2019est que sa courte vie fut ponctu\u00e9e par un acte d\u2019h\u00e9ro\u00efsme qui lui valut cette marque d\u2019estime.<\/p>\n\n\n\n<p>&nbsp;&nbsp;&nbsp;&nbsp;&nbsp;&nbsp;&nbsp;&nbsp;&nbsp; Je ne d\u00e9voilerai pas tous les d\u00e9tails de sa vie et de sa disparition \u00e0 26 printemps. Je laisserai aux terminales le soin de le faire au cours des interventions du prochain d\u00e9part de promotion.<\/p>\n\n\n\n<p>&nbsp;&nbsp;&nbsp;&nbsp;&nbsp;&nbsp;&nbsp;&nbsp;&nbsp;&nbsp;&nbsp;&nbsp;&nbsp;&nbsp;&nbsp;&nbsp;&nbsp;&nbsp;&nbsp; Si parfois, certains choix de \u00ab&nbsp;patron de promo&nbsp;\u00bb ont pu sinon choquer du moins provoquer quelques r\u00e9actions, que je crois l\u00e9gitimes, nous pouvons depuis quelques ann\u00e9es saluer les femmes et les hommes choisis pour parrainer cette c\u00e9r\u00e9monie.<\/p>\n\n\n\n<p>&nbsp;&nbsp;&nbsp;&nbsp;&nbsp;&nbsp;&nbsp;&nbsp;&nbsp;&nbsp;&nbsp; Un grand merci aux terminales, \u00e0 leurs professeurs, et \u00e0 l\u2019\u00e9quipe de direction pour permettre une fois encore \u00e0 toute une communaut\u00e9 de se retrouver au mois de juin autour de tous ces jeunes qui quittent Barral pour d\u00e9couvrir de nouveaux chemins.<\/p>\n\n\n\n<p>&nbsp;&nbsp;&nbsp;&nbsp;&nbsp;&nbsp;&nbsp;&nbsp;&nbsp;&nbsp;&nbsp;&nbsp;&nbsp;&nbsp;&nbsp;&nbsp;&nbsp;&nbsp;&nbsp;&nbsp;&nbsp;&nbsp;&nbsp;&nbsp;&nbsp;&nbsp;&nbsp;&nbsp;&nbsp;&nbsp;&nbsp;&nbsp;&nbsp;&nbsp;&nbsp;&nbsp;&nbsp;&nbsp;&nbsp;&nbsp;&nbsp;&nbsp;&nbsp;&nbsp;&nbsp;&nbsp;&nbsp;&nbsp;&nbsp;&nbsp;&nbsp;&nbsp;&nbsp;&nbsp;&nbsp;&nbsp;&nbsp;&nbsp;&nbsp;&nbsp;&nbsp;&nbsp;&nbsp;&nbsp;&nbsp;&nbsp;&nbsp;&nbsp;&nbsp;&nbsp;&nbsp;&nbsp;&nbsp;&nbsp;&nbsp;&nbsp;&nbsp;&nbsp;&nbsp;&nbsp;&nbsp;&nbsp;&nbsp;&nbsp;&nbsp;&nbsp;&nbsp;&nbsp;&nbsp;&nbsp;&nbsp;&nbsp;&nbsp; &nbsp;&nbsp;&nbsp;&nbsp;&nbsp;&nbsp;&nbsp;&nbsp;&nbsp;&nbsp;&nbsp; Jean-Pierre Molinier<\/p>\n\n\n\n<h1 class=\"wp-block-heading\"><span style=\"font-family: arial, helvetica, sans-serif;\"><strong><span style=\"color: #0000ff;\">\u00c0 VOS AGENDAS<\/span><\/strong><\/span><\/h1>\n\n\n\n<h2 class=\"wp-block-heading\"><strong><span style=\"color: #000000;\">Quelques dates \u00e0 noter<\/span><\/strong><\/h2>\n\n\n\n<p class=\"has-text-align-center\"><span style=\"color: #ff0000;\">SAMEDI 7JUIN 2025<\/span><\/p>\n\n\n\n<p class=\"has-text-align-center\">LA PROMOTION 2015 \u00ab\u00a0Je suis CHARLIE\u00a0\u00bb <\/p>\n\n\n\n<p class=\"has-text-align-center\">se retrouvera \u00e0 Barral,  \u00e0 partir de 14 heures.<\/p>\n\n\n\n<p class=\"has-text-align-center\"><span style=\"color: #ff0000;\">SAMEDI 14 JUIN 2025<\/span><\/p>\n\n\n\n<p class=\"has-text-align-center\">LA <span style=\"color: #0000ff;\">PROMOTION JOHN LENNON<\/span> 2010\u00a0<\/p>\n\n\n\n<p class=\"has-text-align-center\">Se retrouve \u00e0 Barral, \u00e0 partir de 14 heures.<\/p>\n\n\n\n<h1 class=\"wp-block-heading\">&nbsp;<\/h1>\n","protected":false},"excerpt":{"rendered":"<p>\u00c9ditorial Deux bonnes options\u2026 La fin de l\u2019ann\u00e9e 2024 a \u00e9t\u00e9 marqu\u00e9e par deux nouvelles qui ont ravi l\u2019ensemble des membres du bureau et que nous tenions \u00e0 vous faire partager. Elles concernent le niveau des terminales et n\u2019ont pas de rapport, malgr\u00e9 le titre, avec les \u00e9preuves du baccalaur\u00e9at au mois de juin. &nbsp;&nbsp;&nbsp;&nbsp;&nbsp;&nbsp;&nbsp;&nbsp;&nbsp; &hellip; <\/p>\n<p class=\"link-more\"><a href=\"https:\/\/anciensbarralcastres.fr\/index.php\/dernieres-actualites\/\" class=\"more-link\">Continuer la lecture<span class=\"screen-reader-text\"> de &laquo;&nbsp;Derni\u00e8res Actualit\u00e9s&nbsp;&raquo;<\/span><\/a><\/p>\n","protected":false},"author":1,"featured_media":0,"parent":0,"menu_order":0,"comment_status":"closed","ping_status":"closed","template":"","meta":{"footnotes":""},"_links":{"self":[{"href":"https:\/\/anciensbarralcastres.fr\/index.php\/wp-json\/wp\/v2\/pages\/1254"}],"collection":[{"href":"https:\/\/anciensbarralcastres.fr\/index.php\/wp-json\/wp\/v2\/pages"}],"about":[{"href":"https:\/\/anciensbarralcastres.fr\/index.php\/wp-json\/wp\/v2\/types\/page"}],"author":[{"embeddable":true,"href":"https:\/\/anciensbarralcastres.fr\/index.php\/wp-json\/wp\/v2\/users\/1"}],"replies":[{"embeddable":true,"href":"https:\/\/anciensbarralcastres.fr\/index.php\/wp-json\/wp\/v2\/comments?post=1254"}],"version-history":[{"count":32,"href":"https:\/\/anciensbarralcastres.fr\/index.php\/wp-json\/wp\/v2\/pages\/1254\/revisions"}],"predecessor-version":[{"id":2439,"href":"https:\/\/anciensbarralcastres.fr\/index.php\/wp-json\/wp\/v2\/pages\/1254\/revisions\/2439"}],"wp:attachment":[{"href":"https:\/\/anciensbarralcastres.fr\/index.php\/wp-json\/wp\/v2\/media?parent=1254"}],"curies":[{"name":"wp","href":"https:\/\/api.w.org\/{rel}","templated":true}]}}