{"id":1278,"date":"2020-01-10T16:52:20","date_gmt":"2020-01-10T15:52:20","guid":{"rendered":"http:\/\/anciensbarralcastres.fr\/?page_id=1278"},"modified":"2020-12-21T16:28:36","modified_gmt":"2020-12-21T15:28:36","slug":"le-nouveau-petit-seminaire-depuis-1933","status":"publish","type":"page","link":"http:\/\/anciensbarralcastres.fr\/index.php\/le-nouveau-petit-seminaire-depuis-1933\/","title":{"rendered":"Le Nouveau Petit S\u00e9minaire depuis 1933"},"content":{"rendered":"<h1 style=\"text-align: center;\"><span style=\"color: #0000ff;\"><strong>Le Nouveau Petit S\u00e9minaire depuis 1933<\/strong><\/span><\/h1>\n<p style=\"text-align: justify;\">Les ann\u00e9es 30 sont \u00e0 la fois un soulagement, un apaisement mais soul\u00e8vent encore des inqui\u00e9tudes. L\u2019apaisement, sans doute, mais n\u2019est ce pas aussi une revanche? Le Petit S\u00e9minaire est reconstruit sur un domaine de 3 hectares et demi, confortable comme aucune autre \u00e9cole de Castres mais il faut encore beaucoup d\u2019argent pour faire face aux \u00e9ch\u00e9ances des emprunts et terminer l\u2019ouvrage. Les dirigeants sont heureux et fiers de cette r\u00e9ussite. On compte un peu plus de 200 \u00e9l\u00e8ves, il en faudrait davantage pour mieux \u00e9quilibrer les comptes mais tout le monde est confiant car, malgr\u00e9 la crise \u00e9conomique et d\u00e9mographique les soutiens sont toujours l\u00e0.<\/p>\n<p style=\"text-align: justify;\">Extraits du n\u00b013. de la revue \u00ab le Petit S\u00e9minaire de Castres \u00bb ,15 novembre 1933.<\/p>\n<p style=\"text-align: justify;\">Article r\u00e9dig\u00e9 par <strong><span style=\"color: #0000ff;\">Pierre C\u00e9lestin C\u00e9z\u00e9rac<\/span><\/strong>, Archev\u00eaque d\u2019Albi, Castres et Lavaur\u00a0:<\/p>\n<p style=\"text-align: justify;\"><em data-rich-text-format-boundary=\"true\">\u00ab Nous ordonnons que dans toutes les paroisses, une qu\u00eate soit faite, chaque ann\u00e9e, le jour de la solennit\u00e9 de l\u2019Immacul\u00e9e Conception, f\u00eate patronale du Petit S\u00e9minaire, pour cet \u00e9difice (\u2026) Nous recommandons tr\u00e8s sp\u00e9cialement \u00e0 la g\u00e9n\u00e9rosit\u00e9 des anciens \u00e9l\u00e8ves, des amis de l\u2019association, et aux personnes pieuses et \u00e0 tous les catholiques, l\u2019\u00e9quipement de la maison nouvelle, et l\u2019int\u00e9gral paiement des travaux d\u00e9j\u00e0 ex\u00e9cut\u00e9s. Nous comptons pour cela sur la g\u00e9n\u00e9rosit\u00e9 des catholiques de la r\u00e9gion castraise, sur le concours des catholiques du dioc\u00e8se, et le z\u00e8le de notre clerg\u00e9.\u00bb<\/em><\/p>\n<p style=\"text-align: justify;\">Dans une lettre adress\u00e9e \u00e0 son clerg\u00e9, Monseigneur <span style=\"color: #0000ff;\">C\u00e9z\u00e9rac<\/span> annon\u00e7ait, il y a quelques jours, la r\u00e9surrection d\u00e9finitive du Petit S\u00e9minaire de Castres\u2026 Entre la mort de l\u2019ancien et l\u2019\u00e9dification du nouveau, il s\u2019est \u00e9coul\u00e9 25 ans\u2026<\/p>\n<p style=\"text-align: justify;\">Un quart de si\u00e8cle! Est-ce donc long! Ils sont nombreux ceux qui maintenant communient dans cette joie. Ce sont les donateurs, connus ou anonymes, qui ont aid\u00e9 \u00e0 ce que sorte de terre ce nouveau Petit S\u00e9minaire o\u00f9 tant et tant de jeunes apprendront comment on devient des hommes de c\u0153ur et des hommes d\u2019action.<\/p>\n<p style=\"text-align: justify;\">La premi\u00e8re c\u00e9r\u00e9monie, samedi 14 octobre 1933, 10 heures et demie\u00a0:<\/p>\n<p style=\"text-align: justify;\">\n<p style=\"text-align: justify;\">Les enfants et les ma\u00eetres sont group\u00e9s dans le hall. Le grand portail s\u2019ouvre devant Son Excellence Monseigneur <span style=\"color: #0000ff;\">C\u00e9z\u00e9rac<\/span> et devant son auxiliaire Monseigneur <span style=\"color: #0000ff;\">Barth\u00e8s<\/span>. L\u2019archev\u00eaque d\u2019Albi rev\u00eat le rochet, l\u2019\u00e9tole et la chape d\u2019or pour prier et demander \u00e0 Dieu de b\u00e9nir cette maison&#8230;<\/p>\n<p style=\"text-align: justify;\">Imposante fut la c\u00e9r\u00e9monie de la b\u00e9n\u00e9diction. Tout en priant et en chantant des cantiques, \u00e0 travers les longs couloirs, le cort\u00e8ge gagna la chapelle o\u00f9 Monseigneur<span style=\"color: #0000ff;\"> Barth\u00e8s<\/span> c\u00e9l\u00e9bra la messe.<\/p>\n<p style=\"text-align: justify;\"><strong data-rich-text-format-boundary=\"true\">La messe d\u2019Action de Gr\u00e2ces \u00e0 Saint Beno\u00eet<\/strong><\/p>\n<p style=\"text-align: justify;\">Samedi avait \u00e9t\u00e9 le jour de la b\u00e9n\u00e9diction du Nouveau Petit S\u00e9minaire, dimanche fut le jour de l\u2019inauguration. D\u00e8s 10 heures et demie, la vaste nef de la cath\u00e9drale <span style=\"color: #0000ff;\">Saint-Beno\u00ee<\/span>t avait peine \u00e0 contenir la foule d\u00e9sireuse d\u2019assister \u00e0 la messe d\u2019Actions de Gr\u00e2ces c\u00e9l\u00e9br\u00e9e par Monseigneur<span style=\"color: #0000ff;\"> Barth\u00e8s<\/span>. Dans le ch\u0153ur avaient pris place Monseigneur Roques, \u00e9v\u00eaque de Montauban, Monsieur le Chanoine <span style=\"color: #0000ff;\">Marcoul<\/span>, ancien Sup\u00e9rieur, Monsieur le Chanoine <span style=\"color: #0000ff;\">Jarlan<\/span>, sup\u00e9rieur actuel et de nombreux pr\u00eatres de l\u2019Albigeois et du Castrais.<\/p>\n<p style=\"text-align: justify;\"><strong data-rich-text-format-boundary=\"true\">L\u2019inauguration<\/strong><\/p>\n<p style=\"text-align: justify;\">A 14 heures, la grande cour du Petit S\u00e9minaire est occup\u00e9e par une grande foule. L\u2019arriv\u00e9e des pr\u00e9lats est salu\u00e9e par de longs applaudissements. Des haut-parleurs ont \u00e9t\u00e9 dispos\u00e9s aux quatre coins. Ils permettront aux orateurs de se faire entendre de tous.<\/p>\n<p style=\"text-align: justify;\">On avait pens\u00e9 pouvoir cl\u00f4turer ces inoubliables f\u00eates par un salut solennel du Saint Sacrement \u00e0 la chapelle mais celle-ci \u00e9tait vraiment trop petite pour contenir la grande foule. C\u2019est dans la cour, o\u00f9 venait de se d\u00e9rouler magnifiquement la s\u00e9ance d\u2019inauguration, qu\u2019eut lieu la derni\u00e8re c\u00e9r\u00e9monie. Puis, c\u2019est le chant triomphal du Magnificat qui retentit, annonciateur d\u2019une \u00e8re nouvelle de grandeur et de prosp\u00e9rit\u00e9 pour le Petit S\u00e9minaire de Castres, enfin ressuscit\u00e9 apr\u00e8s un long exil. Il revit. Tandis que s\u2019\u00e9vanouissent chaque jour davantage les noms et les actes de ceux qui l\u2019avaient si injustement frapp\u00e9.<\/p>\n","protected":false},"excerpt":{"rendered":"<p>Le Nouveau Petit S\u00e9minaire depuis 1933 Les ann\u00e9es 30 sont \u00e0 la fois un soulagement, un apaisement mais soul\u00e8vent encore des inqui\u00e9tudes. L\u2019apaisement, sans doute, mais n\u2019est ce pas aussi une revanche? Le Petit S\u00e9minaire est reconstruit sur un domaine de 3 hectares et demi, confortable comme aucune autre \u00e9cole de Castres mais il faut &hellip; <\/p>\n<p class=\"link-more\"><a href=\"http:\/\/anciensbarralcastres.fr\/index.php\/le-nouveau-petit-seminaire-depuis-1933\/\" class=\"more-link\">Continuer la lecture<span class=\"screen-reader-text\"> de &laquo;&nbsp;Le Nouveau Petit S\u00e9minaire depuis 1933&nbsp;&raquo;<\/span><\/a><\/p>\n","protected":false},"author":1,"featured_media":0,"parent":0,"menu_order":0,"comment_status":"closed","ping_status":"closed","template":"","meta":{"footnotes":""},"_links":{"self":[{"href":"http:\/\/anciensbarralcastres.fr\/index.php\/wp-json\/wp\/v2\/pages\/1278"}],"collection":[{"href":"http:\/\/anciensbarralcastres.fr\/index.php\/wp-json\/wp\/v2\/pages"}],"about":[{"href":"http:\/\/anciensbarralcastres.fr\/index.php\/wp-json\/wp\/v2\/types\/page"}],"author":[{"embeddable":true,"href":"http:\/\/anciensbarralcastres.fr\/index.php\/wp-json\/wp\/v2\/users\/1"}],"replies":[{"embeddable":true,"href":"http:\/\/anciensbarralcastres.fr\/index.php\/wp-json\/wp\/v2\/comments?post=1278"}],"version-history":[{"count":17,"href":"http:\/\/anciensbarralcastres.fr\/index.php\/wp-json\/wp\/v2\/pages\/1278\/revisions"}],"predecessor-version":[{"id":2226,"href":"http:\/\/anciensbarralcastres.fr\/index.php\/wp-json\/wp\/v2\/pages\/1278\/revisions\/2226"}],"wp:attachment":[{"href":"http:\/\/anciensbarralcastres.fr\/index.php\/wp-json\/wp\/v2\/media?parent=1278"}],"curies":[{"name":"wp","href":"https:\/\/api.w.org\/{rel}","templated":true}]}}